{"id":28,"date":"2020-11-28T18:02:49","date_gmt":"2020-11-28T21:02:49","guid":{"rendered":"https:\/\/fontenovaenergia.com.br\/novo\/?page_id=28"},"modified":"2020-12-02T21:23:48","modified_gmt":"2020-12-03T00:23:48","slug":"blog","status":"publish","type":"page","link":"https:\/\/fontenovaenergia.com.br\/novo\/blog\/","title":{"rendered":"Blog"},"content":{"rendered":"<p><div class=\"fusion-fullwidth fullwidth-box fusion-builder-row-1 fusion-flex-container fusion-parallax-none hundred-percent-fullwidth non-hundred-percent-height-scrolling\" style=\"background-color: rgba(0,0,0,0.2);background-image: url(&quot;https:\/\/fontenovaenergia.com.br\/novo\/wp-content\/uploads\/2020\/12\/paineis-solares-precos-sao-jose-dos-campos-scaled.jpg&quot;);background-position: center center;background-repeat: no-repeat;background-blend-mode: overlay;border-width: 0px 0px 0px 0px;border-color:#e2e2e2;border-style:solid;-webkit-background-size:cover;-moz-background-size:cover;-o-background-size:cover;background-size:cover;\" ><div class=\"fusion-builder-row fusion-row fusion-flex-align-items-center fusion-flex-justify-content-center\" style=\"width:104% !important;max-width:104% !important;margin-left: calc(-4% \/ 2 );margin-right: calc(-4% \/ 2 );\"><div class=\"fusion-layout-column fusion_builder_column fusion-builder-column-0 fusion_builder_column_1_1 1_1 fusion-flex-column\"><div class=\"fusion-column-wrapper fusion-flex-justify-content-flex-start fusion-content-layout-column\" style=\"background-position:left top;background-repeat:no-repeat;-webkit-background-size:cover;-moz-background-size:cover;-o-background-size:cover;background-size:cover;padding: 0px 0px 0px 0px;\"><div class=\"fusion-text fusion-text-1\"><p style=\"text-align: center; font-size: 40px; color: #ffffff;\" data-fusion-font=\"true\"><b style=\"font-size: 42px;\" data-fusion-font=\"true\">BLOG<\/b><\/p>\n<\/div><\/div><\/div><style type=\"text\/css\">.fusion-body .fusion-builder-column-0{width:100% !important;margin-top : 0px;margin-bottom : 20px;}.fusion-builder-column-0 > .fusion-column-wrapper {padding-top : 0px !important;padding-right : 0px !important;margin-right : 1.92%;padding-bottom : 0px !important;padding-left : 0px !important;margin-left : 1.92%;}@media only screen and (max-width:1024px) {.fusion-body .fusion-builder-column-0{width:100% !important;order : 0;}.fusion-builder-column-0 > .fusion-column-wrapper {margin-right : 1.92%;margin-left : 1.92%;}}@media only screen and (max-width:640px) {.fusion-body .fusion-builder-column-0{width:100% !important;order : 0;}.fusion-builder-column-0 > .fusion-column-wrapper {margin-right : 1.92%;margin-left : 1.92%;}}<\/style><\/div><style type=\"text\/css\">.fusion-body .fusion-flex-container.fusion-builder-row-1{ padding-top : 90px;margin-top : 0px;padding-right : 0px;padding-bottom : 50px;margin-bottom : 0px;padding-left : 0px;}<\/style><\/div><div class=\"fusion-fullwidth fullwidth-box fusion-builder-row-2 fusion-flex-container nonhundred-percent-fullwidth non-hundred-percent-height-scrolling\" style=\"background-color: rgba(255,255,255,0);background-position: center center;background-repeat: no-repeat;border-width: 0px 0px 0px 0px;border-color:#e2e2e2;border-style:solid;\" ><div class=\"fusion-builder-row fusion-row fusion-flex-align-items-center\" style=\"max-width:1248px;margin-left: calc(-4% \/ 2 );margin-right: calc(-4% \/ 2 );\"><div class=\"fusion-layout-column fusion_builder_column fusion-builder-column-1 fusion_builder_column_1_1 1_1 fusion-flex-column\"><div class=\"fusion-column-wrapper fusion-flex-justify-content-flex-start fusion-content-layout-column\" style=\"background-position:left top;background-repeat:no-repeat;-webkit-background-size:cover;-moz-background-size:cover;-o-background-size:cover;background-size:cover;padding: 0px 0px 0px 0px;\"><div class=\"fusion-recent-posts fusion-recent-posts-1 avada-container layout-default layout-columns-3\"><section class=\"fusion-columns columns fusion-columns-3 columns-3\"><article class=\"post fusion-column column col col-lg-4 col-md-4 col-sm-4\"><div class=\"fusion-flexslider fusion-flexslider-loading flexslider flexslider-hover-type-none\"><ul class=\"slides\"><li><a href=\"https:\/\/fontenovaenergia.com.br\/novo\/7-beneficios-do-uso-de-energia-solar\/\" aria-label=\"7 benef\u00edcios do uso de energia solar\" class=\"hover-type-none\"><img width=\"700\" height=\"441\" src=\"https:\/\/fontenovaenergia.com.br\/novo\/wp-content\/uploads\/2021\/02\/7-beneficios-do-uso-de-energia-solar-700x441.jpg\" class=\"attachment-recent-posts size-recent-posts\" alt=\"7 benef\u00edcios do uso de energia solar\" srcset=\"https:\/\/fontenovaenergia.com.br\/novo\/wp-content\/uploads\/2021\/02\/7-beneficios-do-uso-de-energia-solar-320x202.jpg 320w, https:\/\/fontenovaenergia.com.br\/novo\/wp-content\/uploads\/2021\/02\/7-beneficios-do-uso-de-energia-solar-700x441.jpg 700w\" sizes=\"(max-width: 700px) 100vw, 700px\" \/><\/a><\/li><\/ul><\/div><div class=\"recent-posts-content\"><span class=\"vcard\" style=\"display: none;\"><span class=\"fn\"><a href=\"https:\/\/fontenovaenergia.com.br\/novo\/author\/fontenova\/\" title=\"Posts de FonteNova\" rel=\"author\">FonteNova<\/a><\/span><\/span><span class=\"updated\" style=\"display:none;\">2021-02-04T17:21:15-03:00<\/span><h4 class=\"entry-title\"><a href=\"https:\/\/fontenovaenergia.com.br\/novo\/7-beneficios-do-uso-de-energia-solar\/\">7 benef\u00edcios do uso de energia solar<\/a><\/h4><p class=\"meta\"><span class=\"vcard\" style=\"display: none;\"><span class=\"fn\"><a href=\"https:\/\/fontenovaenergia.com.br\/novo\/author\/fontenova\/\" title=\"Posts de FonteNova\" rel=\"author\">FonteNova<\/a><\/span><\/span><span class=\"updated\" style=\"display:none;\">2021-02-04T17:21:15-03:00<\/span><span>04\/02\/2021<\/span><span class=\"fusion-inline-sep\">|<\/span><\/p><p>A energia solar\u00a0\u00e9 obtida da radia\u00e7\u00e3o solar e pode ser convertida em eletricidade ou calor.\u00a0Est\u00e1 dispon\u00edvel gratuitamente e, gra\u00e7as aos avan\u00e7os da tecnologia, podemos aproveitar ainda mais a energia solar que est\u00e1 continuamente \u00e0 nossa [...]<\/p><\/div><\/article><article class=\"post fusion-column column col col-lg-4 col-md-4 col-sm-4\"><div class=\"fusion-flexslider fusion-flexslider-loading flexslider flexslider-hover-type-none\"><ul class=\"slides\"><li><a href=\"https:\/\/fontenovaenergia.com.br\/novo\/saia-da-bandeira-vermelha-com-energia-solar\/\" aria-label=\"Saia da bandeira vermelha com energia solar!\" class=\"hover-type-none\"><img width=\"700\" height=\"400\" src=\"https:\/\/fontenovaenergia.com.br\/novo\/wp-content\/uploads\/2020\/12\/Bandeira-Vermelha-Energia-700x400.jpg\" class=\"attachment-recent-posts size-recent-posts\" alt=\"\" \/><\/a><\/li><\/ul><\/div><div class=\"recent-posts-content\"><span class=\"vcard\" style=\"display: none;\"><span class=\"fn\"><a href=\"https:\/\/fontenovaenergia.com.br\/novo\/author\/fontenova\/\" title=\"Posts de FonteNova\" rel=\"author\">FonteNova<\/a><\/span><\/span><span class=\"updated\" style=\"display:none;\">2020-12-02T21:19:05-03:00<\/span><h4 class=\"entry-title\"><a href=\"https:\/\/fontenovaenergia.com.br\/novo\/saia-da-bandeira-vermelha-com-energia-solar\/\">Saia da bandeira vermelha com energia solar!<\/a><\/h4><p class=\"meta\"><span class=\"vcard\" style=\"display: none;\"><span class=\"fn\"><a href=\"https:\/\/fontenovaenergia.com.br\/novo\/author\/fontenova\/\" title=\"Posts de FonteNova\" rel=\"author\">FonteNova<\/a><\/span><\/span><span class=\"updated\" style=\"display:none;\">2020-12-02T21:19:05-03:00<\/span><span>02\/12\/2020<\/span><span class=\"fusion-inline-sep\">|<\/span><\/p><p>Bandeira tarifaria vermelha, para conta de energia em agosto. Energia solar pode livrar voc\u00ea dessa preocupa\u00e7\u00e3o, bandeira vermelha! O M\u00eas de agosto come\u00e7ar\u00e1 com mais um aumento, dessa vez na conta de energia. Entrar\u00e1 em [...]<\/p><\/div><\/article><article class=\"post fusion-column column col col-lg-4 col-md-4 col-sm-4\"><div class=\"fusion-flexslider fusion-flexslider-loading flexslider flexslider-hover-type-none\"><ul class=\"slides\"><li><a href=\"https:\/\/fontenovaenergia.com.br\/novo\/energia-solar-para-o-agronegocio\/\" aria-label=\"Energia solar para o agroneg\u00f3cio\" class=\"hover-type-none\"><img width=\"700\" height=\"400\" src=\"https:\/\/fontenovaenergia.com.br\/novo\/wp-content\/uploads\/2020\/12\/Energia-solar-para-o-agronegocio-1-700x400.jpg\" class=\"attachment-recent-posts size-recent-posts\" alt=\"\" \/><\/a><\/li><\/ul><\/div><div class=\"recent-posts-content\"><span class=\"vcard\" style=\"display: none;\"><span class=\"fn\"><a href=\"https:\/\/fontenovaenergia.com.br\/novo\/author\/fontenova\/\" title=\"Posts de FonteNova\" rel=\"author\">FonteNova<\/a><\/span><\/span><span class=\"updated\" style=\"display:none;\">2020-12-02T21:13:05-03:00<\/span><h4 class=\"entry-title\"><a href=\"https:\/\/fontenovaenergia.com.br\/novo\/energia-solar-para-o-agronegocio\/\">Energia solar para o agroneg\u00f3cio<\/a><\/h4><p class=\"meta\"><span class=\"vcard\" style=\"display: none;\"><span class=\"fn\"><a href=\"https:\/\/fontenovaenergia.com.br\/novo\/author\/fontenova\/\" title=\"Posts de FonteNova\" rel=\"author\">FonteNova<\/a><\/span><\/span><span class=\"updated\" style=\"display:none;\">2020-12-02T21:13:05-03:00<\/span><span>02\/12\/2020<\/span><span class=\"fusion-inline-sep\">|<\/span><\/p><p>Energia Solar para o Agroneg\u00f3cio O Banco do Brasil lan\u00e7ou o Programa Agro Energia, com estimativa de liberar R$2,5Bilhoes at\u00e9 o fim do ano com o intuito de apoiar a produ\u00e7\u00e3o de energia solar para [...]<\/p><\/div><\/article><article class=\"post fusion-column column col col-lg-4 col-md-4 col-sm-4\"><div class=\"fusion-flexslider fusion-flexslider-loading flexslider flexslider-hover-type-none\"><ul class=\"slides\"><li><a href=\"https:\/\/fontenovaenergia.com.br\/novo\/selo-solar\/\" aria-label=\"Selo Solar\" class=\"hover-type-none\"><img width=\"700\" height=\"400\" src=\"https:\/\/fontenovaenergia.com.br\/novo\/wp-content\/uploads\/2020\/12\/Selo-Solar-1-700x400.jpg\" class=\"attachment-recent-posts size-recent-posts\" alt=\"\" \/><\/a><\/li><\/ul><\/div><div class=\"recent-posts-content\"><span class=\"vcard\" style=\"display: none;\"><span class=\"fn\"><a href=\"https:\/\/fontenovaenergia.com.br\/novo\/author\/fontenova\/\" title=\"Posts de FonteNova\" rel=\"author\">FonteNova<\/a><\/span><\/span><span class=\"updated\" style=\"display:none;\">2020-12-02T21:21:28-03:00<\/span><h4 class=\"entry-title\"><a href=\"https:\/\/fontenovaenergia.com.br\/novo\/selo-solar\/\">Selo Solar<\/a><\/h4><p class=\"meta\"><span class=\"vcard\" style=\"display: none;\"><span class=\"fn\"><a href=\"https:\/\/fontenovaenergia.com.br\/novo\/author\/fontenova\/\" title=\"Posts de FonteNova\" rel=\"author\">FonteNova<\/a><\/span><\/span><span class=\"updated\" style=\"display:none;\">2020-12-02T21:21:28-03:00<\/span><span>02\/12\/2020<\/span><span class=\"fusion-inline-sep\">|<\/span><\/p><p>Selo Solar, conhe\u00e7a! O Selo Solar, foi criado para comprovar a efici\u00eancia energ\u00e9tica de empresas que adota, a energia solar em suas atividades. A energia solar fotovoltaica, representa uma boa alternativa para quem procura sustentabilidade [...]<\/p><\/div><\/article><article class=\"post fusion-column column col col-lg-4 col-md-4 col-sm-4\"><div class=\"fusion-flexslider fusion-flexslider-loading flexslider flexslider-hover-type-none\"><ul class=\"slides\"><li><a href=\"https:\/\/fontenovaenergia.com.br\/novo\/desconto-no-iptu-em-sao-jose-dos-campos\/\" aria-label=\"Desconto no IPTU em S\u00e3o Jos\u00e9 dos Campos\" class=\"hover-type-none\"><img width=\"700\" height=\"441\" src=\"https:\/\/fontenovaenergia.com.br\/novo\/wp-content\/uploads\/2020\/12\/Desconto-no-IPTU-em-Sao-Jose-dos-Campos-700x441.jpg\" class=\"attachment-recent-posts size-recent-posts\" alt=\"\" srcset=\"https:\/\/fontenovaenergia.com.br\/novo\/wp-content\/uploads\/2020\/12\/Desconto-no-IPTU-em-Sao-Jose-dos-Campos-320x202.jpg 320w, https:\/\/fontenovaenergia.com.br\/novo\/wp-content\/uploads\/2020\/12\/Desconto-no-IPTU-em-Sao-Jose-dos-Campos-700x441.jpg 700w\" sizes=\"(max-width: 700px) 100vw, 700px\" \/><\/a><\/li><\/ul><\/div><div class=\"recent-posts-content\"><span class=\"vcard\" style=\"display: none;\"><span class=\"fn\"><a href=\"https:\/\/fontenovaenergia.com.br\/novo\/author\/fontenova\/\" title=\"Posts de FonteNova\" rel=\"author\">FonteNova<\/a><\/span><\/span><span class=\"updated\" style=\"display:none;\">2020-12-02T21:04:56-03:00<\/span><h4 class=\"entry-title\"><a href=\"https:\/\/fontenovaenergia.com.br\/novo\/desconto-no-iptu-em-sao-jose-dos-campos\/\">Desconto no IPTU em S\u00e3o Jos\u00e9 dos Campos<\/a><\/h4><p class=\"meta\"><span class=\"vcard\" style=\"display: none;\"><span class=\"fn\"><a href=\"https:\/\/fontenovaenergia.com.br\/novo\/author\/fontenova\/\" title=\"Posts de FonteNova\" rel=\"author\">FonteNova<\/a><\/span><\/span><span class=\"updated\" style=\"display:none;\">2020-12-02T21:04:56-03:00<\/span><span>02\/12\/2020<\/span><span class=\"fusion-inline-sep\">|<\/span><\/p><p>Atitudes sustent\u00e1veis d\u00e3o desconto no IPTU em S\u00e3o Jos\u00e9 dos Campos ao contribuinte. No dia 13\/09\/2017 foi publicado em S\u00e3o Jos\u00e9 dos Campos a Lei Complementar 596\/17 que autoriza a isen\u00e7\u00e3o parcial do IPTU aos [...]<\/p><\/div><\/article><article class=\"post fusion-column column col col-lg-4 col-md-4 col-sm-4\"><div class=\"fusion-flexslider fusion-flexslider-loading flexslider flexslider-hover-type-none\"><ul class=\"slides\"><li><a href=\"https:\/\/fontenovaenergia.com.br\/novo\/sistema-fotovoltaico-em-sao-jose-dos-campos\/\" aria-label=\"Sistema Fotovoltaico em S\u00e3o Jos\u00e9 dos Campos\" class=\"hover-type-none\"><img width=\"700\" height=\"441\" src=\"https:\/\/fontenovaenergia.com.br\/novo\/wp-content\/uploads\/2020\/12\/Aumento-da-procura-por-energia-solar-no-Vale-do-Paraiba-700x441.jpg\" class=\"attachment-recent-posts size-recent-posts\" alt=\"\" srcset=\"https:\/\/fontenovaenergia.com.br\/novo\/wp-content\/uploads\/2020\/12\/Aumento-da-procura-por-energia-solar-no-Vale-do-Paraiba-320x202.jpg 320w, https:\/\/fontenovaenergia.com.br\/novo\/wp-content\/uploads\/2020\/12\/Aumento-da-procura-por-energia-solar-no-Vale-do-Paraiba-700x441.jpg 700w\" sizes=\"(max-width: 700px) 100vw, 700px\" \/><\/a><\/li><\/ul><\/div><div class=\"recent-posts-content\"><span class=\"vcard\" style=\"display: none;\"><span class=\"fn\"><a href=\"https:\/\/fontenovaenergia.com.br\/novo\/author\/fontenova\/\" title=\"Posts de FonteNova\" rel=\"author\">FonteNova<\/a><\/span><\/span><span class=\"updated\" style=\"display:none;\">2021-02-04T11:26:18-03:00<\/span><h4 class=\"entry-title\"><a href=\"https:\/\/fontenovaenergia.com.br\/novo\/sistema-fotovoltaico-em-sao-jose-dos-campos\/\">Sistema Fotovoltaico em S\u00e3o Jos\u00e9 dos Campos<\/a><\/h4><p class=\"meta\"><span class=\"vcard\" style=\"display: none;\"><span class=\"fn\"><a href=\"https:\/\/fontenovaenergia.com.br\/novo\/author\/fontenova\/\" title=\"Posts de FonteNova\" rel=\"author\">FonteNova<\/a><\/span><\/span><span class=\"updated\" style=\"display:none;\">2021-02-04T11:26:18-03:00<\/span><span>02\/12\/2020<\/span><span class=\"fusion-inline-sep\">|<\/span><\/p><p>Energia solar no Vale! Energia Solar no Vale e S\u00e3o Jos\u00e9 dos Campos j\u00e1 \u00e9 poss\u00edvel produzir sua pr\u00f3pria energia el\u00e9trica e pagar o m\u00ednimo de conta de energia? A Energia solar fotovoltaica j\u00e1 \u00e9 [...]<\/p><\/div><\/article><\/section><div class=\"pagination clearfix\"><span class=\"current\">1<\/span><a href=\"https:\/\/fontenovaenergia.com.br\/novo\/wp-json\/wp\/v2\/pages\/28\/page\/2\/\" class=\"inactive\">2<\/a><a class=\"pagination-next\" rel=\"next\" href=\"https:\/\/fontenovaenergia.com.br\/novo\/wp-json\/wp\/v2\/pages\/28\/page\/2\/\"><span class=\"page-text\">Pr\u00f3ximo<\/span><span class=\"page-next\"><\/span><\/a><\/div><div class=\"fusion-clearfix\"><\/div><\/div><\/div><\/div><style type=\"text\/css\">.fusion-body .fusion-builder-column-1{width:100% !important;margin-top : 0px;margin-bottom : 20px;}.fusion-builder-column-1 > .fusion-column-wrapper {padding-top : 0px !important;padding-right : 0px !important;margin-right : 1.92%;padding-bottom : 0px !important;padding-left : 0px !important;margin-left : 1.92%;}@media only screen and (max-width:1024px) {.fusion-body .fusion-builder-column-1{width:100% !important;order : 0;}.fusion-builder-column-1 > .fusion-column-wrapper {margin-right : 1.92%;margin-left : 1.92%;}}@media only screen and (max-width:640px) {.fusion-body .fusion-builder-column-1{width:100% !important;order : 0;}.fusion-builder-column-1 > .fusion-column-wrapper {margin-right : 1.92%;margin-left : 1.92%;}}<\/style><\/div><style type=\"text\/css\">.fusion-body .fusion-flex-container.fusion-builder-row-2{ padding-top : 45px;margin-top : 0px;padding-right : 0px;padding-bottom : 0px;margin-bottom : 0px;padding-left : 0px;}<\/style><\/div><\/p>\n","protected":false},"excerpt":{"rendered":"","protected":false},"author":1,"featured_media":0,"parent":0,"menu_order":0,"comment_status":"closed","ping_status":"closed","template":"100-width.php","meta":[],"yoast_head":"<!-- This site is optimized with the Yoast SEO plugin v15.7 - https:\/\/yoast.com\/wordpress\/plugins\/seo\/ -->\n<title>Blog - Fonte Nova Energia<\/title>\n<meta name=\"robots\" content=\"index, follow, max-snippet:-1, max-image-preview:large, max-video-preview:-1\" \/>\n<link rel=\"canonical\" href=\"https:\/\/fontenovaenergia.com.br\/novo\/blog\/\" \/>\n<meta property=\"og:locale\" content=\"pt_BR\" \/>\n<meta property=\"og:type\" content=\"article\" \/>\n<meta property=\"og:title\" content=\"Blog - Fonte Nova Energia\" \/>\n<meta property=\"og:url\" content=\"https:\/\/fontenovaenergia.com.br\/novo\/blog\/\" \/>\n<meta property=\"og:site_name\" content=\"Fonte Nova Energia\" \/>\n<meta property=\"article:modified_time\" content=\"2020-12-03T00:23:48+00:00\" \/>\n<meta name=\"twitter:card\" content=\"summary_large_image\" \/>\n<meta name=\"twitter:label1\" content=\"Est. reading time\">\n\t<meta name=\"twitter:data1\" content=\"5 minutos\">\n<script type=\"application\/ld+json\" class=\"yoast-schema-graph\">{\"@context\":\"https:\/\/schema.org\",\"@graph\":[{\"@type\":\"WebSite\",\"@id\":\"https:\/\/fontenovaenergia.com.br\/novo\/#website\",\"url\":\"https:\/\/fontenovaenergia.com.br\/novo\/\",\"name\":\"Fonte Nova Energia\",\"description\":\"Solu\\u00e7\\u00f5es Sustent\\u00e1veis\",\"potentialAction\":[{\"@type\":\"SearchAction\",\"target\":\"https:\/\/fontenovaenergia.com.br\/novo\/?s={search_term_string}\",\"query-input\":\"required name=search_term_string\"}],\"inLanguage\":\"pt-BR\"},{\"@type\":\"WebPage\",\"@id\":\"https:\/\/fontenovaenergia.com.br\/novo\/blog\/#webpage\",\"url\":\"https:\/\/fontenovaenergia.com.br\/novo\/blog\/\",\"name\":\"Blog - Fonte Nova Energia\",\"isPartOf\":{\"@id\":\"https:\/\/fontenovaenergia.com.br\/novo\/#website\"},\"datePublished\":\"2020-11-28T21:02:49+00:00\",\"dateModified\":\"2020-12-03T00:23:48+00:00\",\"inLanguage\":\"pt-BR\",\"potentialAction\":[{\"@type\":\"ReadAction\",\"target\":[\"https:\/\/fontenovaenergia.com.br\/novo\/blog\/\"]}]}]}<\/script>\n<!-- \/ Yoast SEO plugin. -->","_links":{"self":[{"href":"https:\/\/fontenovaenergia.com.br\/novo\/wp-json\/wp\/v2\/pages\/28"}],"collection":[{"href":"https:\/\/fontenovaenergia.com.br\/novo\/wp-json\/wp\/v2\/pages"}],"about":[{"href":"https:\/\/fontenovaenergia.com.br\/novo\/wp-json\/wp\/v2\/types\/page"}],"author":[{"embeddable":true,"href":"https:\/\/fontenovaenergia.com.br\/novo\/wp-json\/wp\/v2\/users\/1"}],"replies":[{"embeddable":true,"href":"https:\/\/fontenovaenergia.com.br\/novo\/wp-json\/wp\/v2\/comments?post=28"}],"version-history":[{"count":4,"href":"https:\/\/fontenovaenergia.com.br\/novo\/wp-json\/wp\/v2\/pages\/28\/revisions"}],"predecessor-version":[{"id":212,"href":"https:\/\/fontenovaenergia.com.br\/novo\/wp-json\/wp\/v2\/pages\/28\/revisions\/212"}],"wp:attachment":[{"href":"https:\/\/fontenovaenergia.com.br\/novo\/wp-json\/wp\/v2\/media?parent=28"}],"curies":[{"name":"wp","href":"https:\/\/api.w.org\/{rel}","templated":true}]}}